. What is the highest common factor of 6 and g?
6
Suppose 570 = o - n, -4*o + 5*o - 585 = -2*n. Suppose 0 = 5*s - 0*s - 2025. Let m = o - s. Calculate the greatest common divisor of 17 and m.
17
Suppose 0 = 2*q + 13 - 31. Let l be 3/6 + q/2. Let r = -9 - -11. Calculate the highest common factor of r and l.
1
Suppose -498 - 294 = -6*s. Calculate the greatest common divisor of 12 and s.
12
Let x be (-2 - -4 - 0) + -17. Let k = 5 - x. Let q = k + 13. Calculate the greatest common factor of 22 and q.
11
Suppose -5*w - 5 = -0. Let y(s) = -14*s**3 - s**2 - s. Let q be y(w). Let n be ((-56)/1)/(-2) + 0. Calculate the greatest common divisor of n and q.
14
Let j(n) = n**3 + 6*n**2 - 20. Let w be j(-5). Calculate the greatest common factor of w and 85.
5
Let a be (3 - 1)/(18/585). Calculate the greatest common divisor of 26 and a.
13
Let g = -55 - -68. What is the greatest common divisor of 91 and g?
13
Suppose 0 = 5*k - 0*k. Suppose k = 4*z - 11 - 13. What is the greatest common divisor of 6 and z?
6
Let g(l) = 2*l**2 - 15*l - 15. Let f be g(9). Suppose -14 = -4*p + 18. Calculate the greatest common divisor of f and p.
4
Let o be 3/3*4 + -2. Suppose -o*n = 4*l + 8, 3*l + 14 = -n - l. Let p be 33/(2*3/n). Calculate the greatest common factor of 22 and p.
11
Suppose -4*a + 0 + 120 = -3*i, -2*i = 3*a - 107. Calculate the highest common factor of a and 3.
3
Suppose q + 2*z = -z - 9, -3*q - 4*z - 32 = 0. Let h(g) = -g**3 - 12*g**2 - 8*g - 6. Let n be h(q). What is the greatest common factor of n and 36?
18
Suppose t - 20 = -4*t. Suppose 4*x = 4*w - 59 - 121, 48 = w - t*x. Let y(o) = -12*o - 1. Let d be y(-1). Calculate the highest common factor of w and d.
11
Let r(h) = -19*h - 40. Let m be r(-8). What is the greatest common factor of m and 48?
16
Let q = -5 - -23. Suppose -5*v + 22 + q = 0. What is the greatest common divisor of 72 and v?
8
Let q = 15 + -11. Calculate the highest common divisor of q and 1.
1
Let m(p) = 3*p. Let k be m(1). Suppose 2*a - 5 = k. Suppose 0 = -a*r + 13 + 211. What is the highest common factor of r and 14?
14
Suppose -q + 9 = -a, q = -0*q - a - 1. Calculate the greatest common divisor of q and 6.
2
Suppose 6*u - 1520 = u. Suppose 81 = l + 2*g, 4*l + g - u = 3*g. What is the highest common divisor of 7 and l?
7
Let v = 35 - 11. Suppose 0 = -2*w - 2*w + v. Calculate the highest common divisor of w and 60.
6
Let o = -55 - -79. What is the highest common divisor of o and 36?
12
Let h be 3/7 + (-1017)/21. Let v = 0 - h. Calculate the greatest common divisor of 6 and v.
6
Let r be (-102)/(-10) - (-1)/(-5). Suppose 2*a + 304 = 2*t + t, -4*a = 4*t - 392. What is the greatest common factor of t and r?
10
Suppose 0*z = 3*z - 84. Suppose 3*f - f - z = 0. Let n be 3/(6/4) - -54. What is the greatest common divisor of n and f?
14
Let s(y) = y**2 - 5*y - 8. Let c be s(6). Let g be (0 - c)*(7 - 0). Suppose -3*x + 99 = -195. Calculate the greatest common factor of g and x.
14
Let p be ((-32)/(-6))/((-1)/(-3)). Let z = 29 + -13. What is the highest common factor of p and z?
16
Let g = -120 - 20. Let v be g*(-3)/(30/8). What is the highest common divisor of v and 14?
14
Suppose 0*d - 23 = -2*x + 5*d, -3*x = 4*d. Let m(c) = -c**3 + 6*c**2 - 6*c. Let b be m(x). Calculate the greatest common factor of 56 and b.
8
Let c be (-16)/28 + (4 - (-436)/28). What is the highest common factor of c and 323?
19
Let n be (5*(-4)/(-20))/(1/14). What is the greatest common divisor of n and 154?
14
Let r(k) = k**3 - 6*k**2 + k - 2. Let x = 12 - 6. Let j be r(x). Calculate the greatest common divisor of 32 and j.
4
Let t(v) = -4*v - 6. Let i be t(-6). What is the greatest common factor of 6 and i?
6
Let x = -16 + 10. Let h(m) = -m - 2. Let q be h(x). What is the greatest common divisor of 8 and q?
4
Let g = -10 - -22. Calculate the highest common factor of g and 132.
12
Let r = -42 - -226. Calculate the highest common factor of 23 and r.
23
Suppose 7*f + 4 = 9*f, 0 = 2*u + f - 262. Let x(l) = -14*l - 4. Let z be x(-4). What is the highest common factor of z and u?
26
Let y be ((-4)/8)/(2/(-12)). Calculate the greatest common divisor of 6 and y.
3
Let u(f) = -4*f + 1. Let p(n) = -11*n + 3. Let j(w) = 3*p(w) - 8*u(w). Let a be j(-4). What is the highest common divisor of 1 and a?
1
Let f = 67 - 12. What is the highest common divisor of 33 and f?
11
Let b be (-1)/4*-2 - 75/(-10). Calculate the greatest common factor of b and 88.
8
Let h(c) = 3*c**2 + 4*c - 4. Let a(g) = -g**3 + 9*g**2 - 9*g + 11. Let l be a(8). Let u be h(l). Calculate the highest common factor of 5 and u.
5
Let t(w) = w**3 - 2*w. Let h be t(-3). Let p = h + 82. Suppose -g = 5*u - 10 - p, -3*g = 3*u - 33. What is the greatest common factor of 30 and u?
15
Suppose -11*p + 10*p = -40. Calculate the highest common factor of p and 5.
5
Suppose -25 = 3*a - 127. Calculate the highest common divisor of a and 17.
17
Let j = -31 + 49. What is the highest common divisor of j and 45?
9
Suppose -5*w + 49 + 26 = 0. Let f(n) = 2*n + 4. Let l be f(0). Suppose -3*v + l*b = -v - 224, -4*b = 4*v - 496. Calculate the highest common factor of w and v.
15
Let p(w) = 22*w - 57. Let f be p(8). What is the greatest common divisor of f and 17?
17
Let b be 4/(-18) + (-2704)/(-18). What is the greatest common divisor of 30 and b?
30
Suppose -3*o = -0*o - 210. Suppose -3*n = 5*t + 83 - 214, 2*n - 78 = -3*t. What is the highest common factor of o and t?
14
Let j(r) = 2*r**2 - 3*r - 15. Let m be j(-7). Calculate the highest common factor of 13 and m.
13
Let l(h) = 77*h. Let q be l(-4). Let x = q - -218. Let o be (-4)/(-10) - x/25. Calculate the greatest common divisor of 12 and o.
4
Let m = 4 + -1. Suppose 15*v = 2*d + 10*v - 59, -d + 22 = 5*v. What is the greatest common factor of m and d?
3
Let n = 117 + 216. What is the greatest common factor of n and 37?
37
Suppose 0 = -2*q - 6, 0*r + 2*q - 10 = -r. What is the highest common factor of r and 144?
16
Let a be (0 + 1)/((-2)/(-12)). Suppose -3*n + a*n - 297 = 0. Let p(x) = x**3 - 7*x**2 + 9*x - 7. Let f be p(6). Calculate the greatest common factor of f and n.
11
Let g = -17 + 28. Calculate the greatest common factor of 55 and g.
11
Suppose -4*y + 3*g + 271 = 0, 1 = -3*g + 10. Calculate the highest common divisor of 28 and y.
14
Let k = 10 - 2. Suppose 0*h = 4*h - k. What is the highest common divisor of h and 5?
1
Let r(v) = -22*v - 37. Let u be r(-6). Calculate the highest common divisor of u and 5.
5
Let s(u) = u**2 + 2*u. Let k be s(0). Suppose k = -3*r - 0*l + 2*l + 167, -3*l = r - 52. What is the highest common factor of r and 11?
11
Let l = 53 + -45. Let m(c) = c - 3. Let k be m(4). What is the greatest common factor of k and l?
1
Let n be 4/(-10) - 82/(-5). Let l be (-42)/(-231) + (-3164)/(-22). Calculate the highest common divisor of n and l.
16
Let q be -4 + -4*4/(-16). Let n be -30*(2/q)/2. What is the greatest common factor of 50 and n?
10
Suppose -69 - 96 = -5*t. What is the greatest common factor of t and 22?
11
Let g be ((-9)/(-6))/(1*(-3)/(-24)). What is the highest common divisor of g and 12?
12
Let k(t) = t**3 - 3*t**2 + 5*t - 5. Let j be k(3). What is the highest common factor of 20 and j?
10
Let j be 4/8 + (-17)/(-2). Suppose m - q = j, -4*m - 3*q = -4 - 4. What is the greatest common factor of 2 and m?
1
Let t be (37/4)/((-2)/(-24)). Suppose 5*a + t - 291 = 0. Suppose -a = -0*x - 2*x. Calculate the greatest common factor of x and 90.
18
Let y(q) be the second derivative of 3*q**3/2 + q. Let x be y(4). Suppose -2*f - 2 - 4 = 0, -165 = -3*u + f. Calculate the greatest common factor of u and x.
18
Let d be (18/10)/((-3)/(-10)). Suppose -d - 1 = -a. What is the greatest common divisor of 21 and a?
7
Let g(j) = 56*j**2 - j. Let c be g(1). Let n = 32 - 21. Calculate the greatest common factor of n and c.
11
Suppose 2*p = p, 4*p = 3*b - 9. Suppose -b*o + 4*v + 2 = 0, v + 0*v + 14 = 3*o. What is the greatest common divisor of o and 6?
6
Let z = 4 - -8. Suppose 0 = 5*p + 3*m - 30, -3*p - 2*m + 25 - 6 = 0. What is the highest common divisor of z and p?
3
Let i(x) = -3*x + 12. Let q be i(15). Let r = -22 - q. What is the highest common factor of 11 and r?
11
Suppose -4*i = -355 - 173. Suppose 15 = 3*t + 3*n - 15, 3*n = -t + 6. What is the greatest common factor of 